s of 70/k*(-108)/14.
2, 3
Let n(h) = 2*h**2 - 13*h + 6. Let t be n(6). Suppose 4*k - 41 - 98 = -5*u, -u - 5 = t. What are the prime factors of k?
41
Suppose m - 17*i + 19*i = 230, 0 = -2*m + 5*i + 433. List the prime factors of m.
2, 7
Suppose 4*m - 8 = 3*b, 1 + 9 = 5*m - b. Let d be 2 - (-79 + m + -6). Suppose -o + 35 = -w, 2*o = -4*w + w + d. List the prime factors of o.
2, 19
Suppose 2*k + 2*b + 707 = 7*k, 4*k - 560 = 3*b. Suppose -2*q = 5*d - 92 - k, 4*d - 188 = -q. List the prime factors of d.
47
What are the prime factors of (-332)/(-1)*(-2)/8*-7?
7, 83
Suppose 522 = z - 324. What are the prime factors of z?
2, 3, 47
Suppose -13*d + 19292 = -0*d. What are the prime factors of d?
2, 7, 53
Suppose 3811*c = 3810*c + 4131. List the prime factors of c.
3, 17
Let k(g) = g**2 + g - 16. Let m(x) = x**3 - 10*x**2 + 4*x + 37. Let a be m(9). What are the prime factors of k(a)?
2, 5
Suppose 4*p = 2*x - 34, -5*x + 39 - 14 = 0. Let d be 2 - 44/8*p. Suppose -70 - d = -5*q. List the prime factors of q.
3, 7
Let j = 248 + -214. List the prime factors of j.
2, 17
Let g = 22 + 12. Let n = g - 6. Suppose -5*m + l + 27 + n = 0, m - 11 = l. List the prime factors of m.
11
Let x(g) be the second derivative of -4*g**3/3 - 17*g**2/2 - 5*g. Let u(b) = b**3 + 6*b**2 - 5*b + 5. Let m be u(-7). List the prime factors of x(m).
5, 11
Let f(t) = 6*t**2 + 10*t + 5. Suppose -3 = -3*d + 2*d. Let x be (-12)/(-8)*(-8)/d. What are the prime factors of f(x)?
61
Let s(p) = p**3 - 4*p**2 - 3*p - 3. Let v be s(4). Let l = -191 - -541. What are the prime factors of ((-6)/4)/(v/l)?
5, 7
Let w(d) = -2*d - 7. Let x be w(-5). Suppose -378 = o - x*o. Suppose -41 - o = -5*s. List the prime factors of s.
2, 23
Let t(f) = 2*f + 2. Suppose 0 = -0*i - 5*i + 15. Suppose 9 = 2*r - i. List the prime factors of t(r).
2, 7
Let f(a) = a + 5. Let u be f(-5). Suppose -5*g - 3*q + 304 = 0, 5*g + q - 308 = -u*g. What are the prime factors of g?
2, 31
Suppose -3*f = -11*f + 1768. List the prime factors of f.
13, 17
Let k(c) = -c**3 + 5*c**2 + 6*c - 5. Suppose 0 = -0*z - 3*z + 27. Suppose y + l = z, -2*y + 7*y - 5*l = 5. List the prime factors of k(y).
5
Suppose 0 = -2*o - 3*w + 975, 5*w + 2450 = o + 4*o. What are the prime factors of o?
3, 163
Let n(z) be the first derivative of z**3 + 3*z**2/2 - 6. Let q be n(-2). Suppose a = y - 2, 2*y = -2*a - q + 30. What are the prime factors of y?
7
Let z = 235 - 244. Let u(o) be the second derivative of -o**3/6 + 7*o**2/2 - o. What are the prime factors of u(z)?
2
Let m = -366 + 1258. What are the prime factors of m?
2, 223
Let f(o) = 2*o - o + o**2 - 2 + 3 - 117*o**3 + 0. Let g be f(-1). Let h = 178 - g. List the prime factors of h.
2, 3, 5
Let h(f) = -f**3 - f**2 + 2*f + 13. Let l be h(-7). Suppose -11*i - 3*a = -10*i - l, -4*i - 2*a + 1142 = 0. What are the prime factors of i?
2, 71
Let s = -2305 - -3684. What are the prime factors of s?
7, 197
Suppose 17*y = 14 + 54. Suppose -2*p - y*c + 498 = 0, c - 5 = -0*c. List the prime factors of p.
239
Let w(t) = 71*t**2 - 2*t + 1. Suppose 8 = 4*r, -3*g = -8*g + 4*r - 3. List the prime factors of w(g).
2, 5, 7
Suppose 0*b - 2*y + 42 = 5*b, -5*b + y + 39 = 0. Let d = -10 + 15. Suppose -35 = -d*c + 5*r, 4*r + b = -12. What are the prime factors of c?
2
Let i(b) = -b**2 + b + 7. Let r be i(0). Suppose r*h + 90 = 2*h. List the prime factors of (h/(-27))/((-2)/(-78)).
2, 13
Let r be (2/4)/1*0. Suppose -24 = -3*o - 4*q, 2*o + 3*q = -r*o + 17. Suppose o*p + 3*i - 327 = 0, -2*p + i + 159 = 4*i. List the prime factors of p.
2, 3, 7
Let n = -3 + 8. List the prime factors of n*((-30)/45)/((-4)/18).
3, 5
Let u = 161 + -159. Suppose 5*y = -u*r + 439, 3*r - 4*y - 606 = -y. List the prime factors of r.
3, 23
Let x(q) be the second derivative of -q**3/6 + q**2/2 - 6*q. Let s be x(-1). What are the prime factors of (92/8)/(1/s)?
23
Suppose -5*g = -2*x + 213 + 1770, 994 = x - 3*g. What are the prime factors of x?
11, 89
Let s(k) = k**3 - 5*k**2 - 5*k - 4. Let q be s(6). What are the prime factors of (q - -1)/(6/4) - -29?
31
Let v = 290 + 405. What are the prime factors of v?
5, 139
Let o = 848 + -23. What are the prime factors of o?
3, 5, 11
Let l(k) = -k**3 - k**2 - k + 1. Let d(w) = 6*w**3 - 2*w**2 + 9*w - 8. Let a(u) = -d(u) - 5*l(u). Let j be -2 - (0 + -8 - 0). List the prime factors of a(j).
3, 5
Suppose 0 = 3*a - 2*k - 296, a + 0*k = 2*k + 92. List the prime factors of a.
2, 3, 17
List the prime factors of 210 - (-6 + (1 - 0)).
5, 43
Suppose 5*j - 3*j = -3*u + 11234, 0 = 2*j + 4*u - 11236. List the prime factors of j.
2, 7, 401
List the prime factors of 3 + 1 + -6 - -185 - -4.
11, 17
Suppose -20 + 3 = w. Let l = 50 + w. List the prime factors of l.
3, 11
Suppose 4*c = -o + 887, -32*c = -27*c + 4*o - 1106. List the prime factors of c.
2, 3, 37
Let z(x) = x**2 + 5*x - 8. Suppose -6 = -3*o + 6. What are the prime factors of z(o)?
2, 7
Let l = 246 + -173. Let i = -28 + l. List the prime factors of i.
3, 5
Let w = 969 + -393. What are the prime factors of w?
2, 3
Let s(k) = 1068*k**2 - 13*k + 28. List the prime factors of s(2).
2, 2137
Let f = 24 + -11. What are the prime factors of 1822/f - (4/26)/1?
2, 5, 7
Suppose 14 + 10 = 12*w. What are the prime factors of -2 + w - 440/(-4)?
2, 5, 11
Let m(q) = 3*q**2 + 12*q + 1935. What are the prime factors of m(0)?
3, 5, 43
List the prime factors of ((-5)/((-25)/(-255)))/(1/(-7)).
3, 7, 17
Let t(b) = 8*b**2 + 22*b - 49. What are the prime factors of t(10)?
971
Let h = -115 + 178. Suppose q = -h + 166. List the prime factors of q.
103
Suppose -v + 2 - 1 = -2*j, -4*v - 4*j = 20. Let s be (-1 + v)/(-4) + -7. What are the prime factors of (-4)/s - (-170)/6?
29
Suppose t - 32 = -2*t + 5*y, -16 = 4*y. Suppose -t*c + 3*c = -63. What are the prime factors of c?
3, 7
List the prime factors of 6570/2 + (-3 + -37)/(-5).
37, 89
Suppose -16*n = -7*n - 5436. List the prime factors of n.
2, 151
Let z(y) = -y**3 + 3*y**2 + 2*y - 2. Let i = -67 - -64. What are the prime factors of z(i)?
2, 23
Let z = -10 + 85. Let g = z - 27. List the prime factors of g.
2, 3
Suppose -u = -d + 2215, 2*u = 2*d + 5*u - 4405. List the prime factors of d.
2, 5, 13, 17
Let v(z) = z**3 + 12*z**2 + 12*z + 13. Let o be v(-11). Let f(u) = -84*u**2 + o - 7*u - 1 + 85*u**2. List the prime factors of f(8).
3
Suppose 39*n = 31*n + 3032. List the prime factors of n.
379
Let x be (-16)/4 + 1 - -53. Suppose 0*g + 5*g - x = 0. Suppose 9*p - g*p = -30. List the prime factors of p.
2, 3, 5
Let f = 10800 + -6190. List the prime factors of f.
2, 5, 461
Let q be (-1)/((-4)/(-704)) + -2. Let z = 98 + q. List the prime factors of z/(-7) - (-9)/(-21).
11
Let d = 1305 + -883. What are the prime factors of d?
2, 211
Suppose 0 = -l, -2*l + 201 - 1161 = -3*v. Suppose 3*h - 8*h = -v. List the prime factors of h.
2
Let o(t) = -t - 8. Let i be o(-10). Let j(b) = 0*b**2 - 3 + i*b**2 - b**2 + 0*b**2 + 5*b. What are the prime factors of j(-8)?
3, 7
Let q(x) = -x**3 + 8*x**2 + 3*x - 8. Suppose -p - p + 18 = 2*h, 3*h = 4*p + 6. Suppose h*i - 24 = 3*i. What are the prime factors of q(i)?
2
Let o = 435 - 171. Suppose -2*i + 3*i = -o. What are the prime factors of ((-8)/6)/(11/i)?
2
Suppose -5*s = 4*s - 45. Suppose 0 = -6*o + 5*o + s. What are the prime factors of o?
5
Let q(g) = -3*g - 3. Let v be q(-2). Suppose 5*k + v*l - 31 = 0, -3*k - k + 4*l + 12 = 0. Suppose -9 - 16 = -k*a. What are the prime factors of a?
5
Suppose -24 - 7 = -5*s + 2*a, -s - 5*a = 10. Suppose 0 = -q - 5*h - 4 + 12, 10 = s*q - 5*h. What are the prime factors of ((-4)/q)/((-6)/9)?
2
Suppose 48*x - 12315 = 33*x. List the prime factors of x.
821
Let p be 54/(-10) + (-9)/15. Let n = p - -9. Suppose n*v - 30 - 54 = -3*w, 4*w = -5*v + 139. What are the prime factors of v?
3
Let k(u) = -2*u**3 - 7*u - 8. Let f be k(-4). Let w = f - 21. What are the prime factors of w?
127
Let k be 124/6*(-3)/(-1). Suppose -8*p = 2*p - 20. Suppose -b + p*g + 20 = 0, -4*b + 10 = -4*g - k. What are the prime factors of b?
2
Let o = 182 + -75. Let r = o - 8. List the prime factors of r/(-45)*(-14 + -1).
3, 11
Suppose 4*s - 10*g = -14*g + 32, -g = -2*s + 22. Suppose 3*o - 10 = o. Suppose 5*i + o*n = 75, -i + s = -0*i - 4*n. What are the prime factors of i?
2, 7
Let u = 0 + 2. Let b(m) = 3*m**2 + 2*m + 2. Let a be